y w(-16)?
1
Suppose -4*k - 3 = m, 3 = k + 5. Suppose 8*g = m*g + 174. Suppose -3*o = -o - 44. Calculate the remainder when g is divided by o.
14
Suppose -4*r = -0*r - 92. What is the remainder when 176*((-4)/(-10))/(80/100) is divided by r?
19
Let a = 45 - 22. Suppose 114 = 2*t - 7*x + 11*x, -3*t + x + 185 = 0. Calculate the remainder when t is divided by a.
15
Let t(z) = z - 19. Let q be t(22). Suppose -12 = -q*d, -6*w - 3*d - 16 = -10*w. Calculate the remainder when 10 is divided by w.
3
Let c = 15058 + -15053. What is the remainder when 1898 is divided by c?
3
What is the remainder when (-29958)/(-28) - (-103)/1442 is divided by 16?
14
Let s(l) = l**2 + 10. Let u = 3009 + -3006. What is the remainder when s(0) is divided by u?
1
Let a = -115 + 129. Suppose -4*o = -2*o - 162. Let w = -12 + o. What is the remainder when w is divided by a?
13
Let l(c) = 4*c - 24. Let j be l(7). Let q be j/(4 - 4 - 2). What is the remainder when 137 is divided by (2/(-3))/(13/(-858)) - q?
45
Let o be 28 + (6 - 2) + (2 - 6). Suppose -g + o = 2*n + 3*g, -g = 5*n - 34. Calculate the remainder when 28 is divided by n.
4
Suppose -98*q + 332166 = -29*q. Calculate the remainder when q is divided by 8.
6
Calculate the remainder when (-904)/(203/21 + -11) is divided by 223.
9
Let f(l) = 4*l**3 + 15*l**2 + 12*l + 20. What is the remainder when 16047 is divided by f(-3)?
9
Let f = -20285 - -20394. Calculate the remainder when 235 is divided by f.
17
Let d be 3*(3/((-36)/(-40)) + -4). What is the remainder when (16 - 21)/(d/42) is divided by 27?
24
Suppose 475*t = -146*t - 165*t + 20436. Let b(i) = 14*i**3. Let c be b(1). Let s = 54 + c. What is the remainder when s is divided by t?
16
Let w = 862 + -659. Suppose w = 15*f - 247. What is the remainder when 153 is divided by f?
3
Let u(q) be the first derivative of 11*q**3/3 + 4*q**2 + 7*q - 136. Let z = -114 + 183. What is the remainder when z is divided by u(-2)?
34
Let c(k) = k**2 - k - 92. Let y be c(11). Suppose -y*p + 14*p + 1556 = 4*s, -798 = -2*s + 3*p. Calculate the remainder when s is divided by 36.
33
Suppose -304 = -5*k + k + 3*o, 2*k - o - 152 = 0. Let i = k + -38. Calculate the remainder when -3 - (-5)/(20/612) is divided by i.
36
Suppose 89792 = -541*z + 633*z. What is the remainder when z is divided by 192?
16
Let s = -2137 + 2136. Let u(r) be the first derivative of 41*r**3/3 + r**2/2 - 2*r - 2. Calculate the remainder when 145 is divided by u(s).
31
Suppose 0 = -52*m + 51*m - 312. Let i = m + 336. Calculate the remainder when 286 is divided by i.
22
Suppose 2*w - z - 28 = 0, -w = z - 6*z - 14. Calculate the remainder when 2486/226 + (-25)/(-1) is divided by w.
8
Suppose -90*m + 2024 = 19*m - 21*m. Calculate the remainder when 2666 is divided by m.
21
Let d(t) = -2*t**2 + 14*t - 10. Let k be d(6). Suppose -4*m = 4, 3*y + k*y - 49 = -m. Calculate the remainder when 2/8 - -50*(-12)/(-32) is divided by y.
9
Let d(u) = -9*u + 36. Let s be d(4). Calculate the remainder when 43 is divided by (-1 - s) + 13 + (-1 - -2).
4
Let b = -3691 - -3690. Suppose 2*m + 2*m - 36 = 0. Calculate the remainder when 354/m - 1 - b/(-3) is divided by 11.
5
Suppose -150 - 562 = -120*v + 112*v. What is the remainder when v is divided by 41?
7
Let v = 5128 + -5127. Calculate the remainder when 93 is divided by v.
0
Let v be 13 + -1*1 + (-68)/17. Let y be -54 - v - (4 - (3 + -1)). Let z = y - -79. Calculate the remainder when 72 is divided by z.
12
Let j(k) = -k**3 - 64*k**2 + 497*k + 23. Let h = -138 - 3. Let p = -4 - h. What is the remainder when p is divided by j(-71)?
22
Suppose 0*n - 2 = -n. Let o be -4 + -13 - (-24 - -15). What is the remainder when 3 - o/(-8) - 0 is divided by n?
0
Let t = 2982 + -2582. Calculate the remainder when t is divided by 137.
126
Let x be ((-5)/(-1))/(-1 - -2). Let s(r) = 3*r + 2. Calculate the remainder when 48 is divided by s(x).
14
Let t(o) = -9*o**3 - 2*o**2 - 8*o + 14. Let b be t(3). Let p = -248 - b. Calculate the remainder when p is divided by 8.
7
Let z(g) be the second derivative of g**3/6 + 25*g**2/2 - 597*g. Let r(s) = 5*s + 1. Let y be r(-4). What is the remainder when 9 is divided by z(y)?
3
Suppose -355 - 2069 = -8*z. What is the remainder when 1171 is divided by z?
262
Let v(d) = -233*d + 1192. What is the remainder when v(5) is divided by ((-22)/(-2))/(6/(-2) + 4)?
5
Let a be 6/15 + (-3510)/25. Let z = -12 + 16. Calculate the remainder when (6/(-15))/(4/a) is divided by z.
2
Suppose 5*u - 225 = 2*u. Let y = -47 + u. Suppose 0*q + 3*q = -4*s + 15, -5*s + 3*q + 39 = 0. Calculate the remainder when y is divided by s.
4
Let p(w) = 28*w - 226. Let i be p(-47). What is the remainder when ((-6)/12)/(3/i) is divided by 53?
45
Suppose -b + 60 = 2*l, 5*b + 3*l - 118 = 182. Suppose b = -17*v + 1199. Suppose 155 = 2*s + 3*s + 3*a, 5 = -a. What is the remainder when v is divided by s?
33
Suppose q - 2*t = -q, -6 = -5*q + 2*t. Suppose -3*i = q*i + 125. What is the remainder when -2 - 4/8*i*2 is divided by 4?
3
Suppose -5*y - 235 = -5*v, 4*v - 176 = -3*y - 5*y. Calculate the remainder when 737 is divided by v.
1
Let o = 342 - 291. Calculate the remainder when 188 is divided by o.
35
Let s(h) = -1160*h - 10155. Calculate the remainder when s(-9) is divided by 28.
5
Suppose -a + 24 = a. What is the remainder when (-2)/((-20)/25)*(-30)/(-5) is divided by a?
3
Let o be (-25)/((-1)/(-3 - 42/(-3))). Let k = o - 249. What is the remainder when 56 is divided by k?
4
Suppose -2*q = j - 588, 3*q - 4*j = 148 + 756. What is the remainder when q is divided by 93?
17
Suppose 9 - 25 = -4*n. What is the remainder when 89 is divided by 91/n - (-25)/100?
20
Let y = 3610 - 1283. Suppose y*w = 2320*w + 1631. What is the remainder when w is divided by 74?
11
Let w be 26/(-143) - 57/(-11). Suppose 3*z + w - 2 = 0, -3*x + z = -310. Calculate the remainder when x is divided by 35.
33
Suppose -z = -4*z - g + 1147, -z + 394 = -2*g. Let f be ((-1)/(-4))/(2/(-4))*28. Calculate the remainder when 24/(-56) - z/f is divided by 10.
7
Suppose 0 = 2*f + 4*l + 114, -2*f - l - 93 = 18. Let d be 10 + 92/2 - -6. Let a = f + d. What is the remainder when 25 is divided by a?
4
Suppose -29*h = 117*h - 270684. What is the remainder when h is divided by 3?
0
Let i(j) = -3*j**3 + 2*j + 3. Calculate the remainder when 152/2 + (-100)/(-24)*(-240)/(-100) is divided by i(-2).
17
Let z(w) = 2*w**2 - 6*w + 6. Let t be z(4). Suppose -3*u + 53 = t. Suppose -14297 = -859*k + 29271 - 12644. Calculate the remainder when k is divided by u.
10
Suppose 18 = -3*t, 2*t + 23 = l - 121. Calculate the remainder when l is divided by 50.
32
Let m = -696 + 699. Suppose 4*l - 225 = m*s, -9*l + 5*l + 4*s = -228. Calculate the remainder when 320 is divided by l.
50
Let r = 2447 + 2297. Suppose -4*s + 1176 = v, v = -3*v + 4*s + r. What is the remainder when (v/18 - 0) + 16/72 is divided by 23?
20
Suppose -2*n + 0*n - 75 = -o, -4*n = -4. Let x = o + -20. Suppose -63 + 18 = -3*t. Calculate the remainder when x is divided by t.
12
What is the remainder when (-43)/(-1) - (-1 + 0 + 2) is divided by 3 + -4 + 49 + -40?
2
Let f(p) = -40*p**3 - 4*p**2 + 8*p + 6. Calculate the remainder when 275 is divided by f(-1).
3
Let s = 1151 + -396. Calculate the remainder when s is divided by 53.
13
Suppose 43*b + 18 = 52*b. Suppose 3*x + b*u + u = 24, 0 = -3*u + 6. What is the remainder when 82 is divided by x?
4
Let t(s) = -14*s - 66. Let p be t(-5). Suppose -j - 4*f = 8 - 0, -3*j - 2*f = p. Suppose j = 7*g - 30 - 145. Calculate the remainder when 48 is divided by g.
23
Let y(l) = 362*l + 2211. Calculate the remainder when 15168 is divided by y(-6).
36
Let m(q) = 5*q**2 - 3*q - 9. Suppose 30*o - 9 = 33*o. Suppose -2*f + 0*f - 358 = -4*z, -2*z + 2*f = -180. What is the remainder when z is divided by m(o)?
44
Let t be (-26 + 1)/(-1 - 0) - 1. Suppose -t*f - 31 = -247. What is the remainder when 701 is divided by f?
8
Let p = -1144 - -1231. Let g = -40 + 23. Let z = p - g. What is the remainder when z is divided by 15?
14
Let m = -34 - -7. Let a = 83 + m. Suppose 5*r = 49 + a. What is the remainder when 144 is divided by r?
18
Let w(i) = i**3 - 7*i**2 + i - 3. Let x be w(7). Suppose 4*t - 120 = 5*h + 315, -114 = -t - x*h. Calculate the remainder when t is divided by 7.
5
Let p(z) = -z + 4